(x) = -68885*x - 619977. What is o(-9)?
-12
Let n(y) = -y**2 - 468*y - 13521. Determine n(-31).
26
Let c(p) = 2*p**3 - 146*p**2 - 88*p + 6410. What is c(73)?
-14
Let i(f) = -f**2 + 17*f + 26565. What is i(171)?
231
Let z(v) = 198*v**2 + 4061*v - 183. What is z(-20)?
-2203
Let b(p) = -p**3 - 17*p**2 + 38993*p + 585353. Calculate b(-15).
8
Let g(c) = -6*c**3 - c**2 + 191*c - 567. Give g(3).
-165
Let u(w) = 152764*w - 4277333. Calculate u(28).
59
Let y(t) = 11*t**2 + 1075*t + 4130. What is y(-4)?
6
Let k(g) = 42*g**2 - 4874*g + 363. Calculate k(116).
131
Let s(m) = m**2 - 68*m - 115984. Give s(376).
-176
Let n(v) = -11415*v - 1415442. Calculate n(-124).
18
Let h(g) = 2*g**2 - 22862*g + 365450. Calculate h(16).
170
Let o(h) = -329*h - 19006. What is o(-58)?
76
Let t(r) = -r**3 - 7*r**2 + 69*r - 87. Determine t(-14).
319
Let r(l) = 8*l**2 - 135*l - 2332. What is r(-19)?
3121
Let x(l) = -l**3 - 15*l**2 + 619*l + 9. Give x(18).
459
Let u(d) = -11*d**3 - 20*d**2 + 7*d - 109. Calculate u(-6).
1505
Let l(t) = t**3 + 156*t**2 + 2946*t - 11. Give l(-22).
33
Let i(m) = -2*m**2 - 130*m + 2920. Determine i(20).
-480
Let s(c) = -c**3 - 27*c**2 + 60*c - 300. Give s(-30).
600
Let d(k) = k**3 + 12*k**2 - 1028*k + 1046. What is d(26)?
6
Let q(g) = -3*g**2 + 260*g + 27350. What is q(-62)?
-302
Let j(l) = -4*l**2 - 1073*l + 11840. Give j(-279).
-157
Let n(s) = -8*s**2 + 2531*s - 17349. Determine n(7).
-24
Let v(z) = 2241*z - 149843. Calculate v(67).
304
Let r(c) = 299*c + 15163. Give r(-51).
-86
Let g(w) = 3443234*w + 13772897. Give g(-4).
-39
Let u(o) = 582488*o - 1747454. What is u(3)?
10
Let a(r) = -1417*r - 176756. What is a(-125)?
369
Let l(j) = -j**3 + 29*j**2 - 51*j + 3334. What is l(31)?
-169
Let f(g) = -59*g**2 - 8081*g + 328. What is f(-137)?
54
Let d(m) = m**3 + 8*m**2 + 89*m + 506. Calculate d(-14).
-1916
Let o(p) = 126*p + 3880. Give o(-21).
1234
Let w(p) = p**3 - 581*p**2 - 2316*p + 2011444. What is w(579)?
-2
Let v(b) = -529*b + 10315. Give v(14).
2909
Let u(m) = -m**2 - 575*m - 6162. Give u(-11).
42
Let t(k) = k**3 + 97*k**2 + 1419*k - 22. Give t(-17).
-1025
Let g(h) = -1166*h + 9597. Determine g(9).
-897
Let w(x) = -x**3 - 186*x**2 - 4435*x - 1348. Calculate w(-158).
390
Let q(o) = 3*o**3 + 17*o**2 + 760*o + 5518. Determine q(-7).
2
Let v(n) = n**3 + 208*n**2 - 145*n + 12995. Determine v(-209).
-381
Let o(w) = -13326*w - 107046. Calculate o(-8).
-438
Let z(d) = -d**3 - 354*d**2 + 2510*d - 5645. Determine z(-361).
492
Let g(h) = -h**2 - 242*h + 1307. Give g(6).
-181
Let u(r) = r**3 - 26*r**2 + 295*r - 7373. What is u(25)?
-623
Let p(h) = 3*h**2 + 100883*h + 302610. Give p(-3).
-12
Let b(a) = a**3 + 5*a**2 + 174*a + 485. Determine b(-3).
-19
Let y(u) = -u**3 - 308*u**2 + 1602*u + 11586. Calculate y(-313).
5
Let i(g) = g**3 - 37*g**2 + 336*g + 214. Calculate i(14).
410
Let z(o) = 9*o**2 + 136*o + 28. What is z(-5)?
-427
Let m(p) = -7221*p + 599344. What is m(83)?
1
Let f(y) = -5*y**2 - 2086*y - 24697. What is f(-405)?
8
Let j(o) = 4290*o + 287451. Calculate j(-67).
21
Let l(i) = 12*i**3 - 17*i**2 - 377*i + 1275. Calculate l(3).
315
Let o(v) = -v**3 + 75*v**2 - 1189*v - 164. Calculate o(23).
-3
Let z(d) = -d**3 + 281*d**2 + 5066*d - 34. Calculate z(298).
-34
Let q(n) = 5*n**2 - 36*n + 499. What is q(15)?
1084
Let c(a) = -5*a - 924. Calculate c(-176).
-44
Let g(d) = d**3 - 19*d**2 + 115*d - 1566. Determine g(15).
-741
Let t(d) = -d**3 - 62*d**2 - 34*d - 70. What is t(0)?
-70
Let v(f) = 2*f**3 - 318*f**2 - 3742*f - 37. What is v(-11)?
-15
Let h(s) = -2*s**2 - 63*s + 39684. Give h(126).
-6
Let h(o) = 43*o**3 + 299*o**2 + 261*o + 1926. Calculate h(-7).
1
Let i(q) = -21838*q - 53175530. Give i(-2435).
0
Let a(n) = 792*n - 14260. Determine a(18).
-4
Let z(f) = -f**2 - 131*f - 91. What is z(-153)?
-3457
Let h(d) = d**3 + 38*d**2 + 80*d + 23. Determine h(-35).
898
Let l(v) = -14*v**2 - 208*v + 435. Determine l(3).
-315
Let q(m) = -2*m**2 + 528*m + 8948. Determine q(-16).
-12
Let j(t) = 3*t**3 - 29*t**2 - 53*t - 5. Give j(-2).
-39
Let j(y) = -3440*y**2 - 371516*y + 431. Determine j(-108).
-1
Let k(s) = -2*s**3 + 3*s**2 + 3075*s - 3076. Calculate k(1).
0
Let z(s) = -3296*s + 26344. Calculate z(8).
-24
Let j(l) = -6*l**3 - 11*l**2 - 264*l - 793. Give j(-3).
62
Let q(w) = w**2 + 4596372*w - 13789136. Determine q(3).
-11
Let z(w) = 2*w**2 - 3118*w + 37172. Give z(12).
44
Let c(a) = 59*a**2 - 70*a + 30. Give c(4).
694
Let x(g) = -17870*g + 2859196. Calculate x(160).
-4
Let j(a) = 2280*a - 487915. What is j(214)?
5
Let g(j) = 426*j - 6255. What is g(19)?
1839
Let t(h) = 5344*h + 176356. Give t(-33).
4
Let y(n) = 623*n**3 - 1866*n**2 - 3*n - 10. Determine y(3).
8
Let q(b) = 29*b + 8674. Give q(-134).
4788
Let p(b) = 3856*b - 5551. Calculate p(2).
2161
Let i(j) = 3824851*j - 11474553. Determine i(3).
0
Let s(g) = 2*g**3 + 65*g**2 - 52*g - 853. Determine s(-33).
-226
Let w(o) = -27366*o + 54761. Calculate w(2).
29
Let n(c) = 2*c**3 + 195*c**2 - 3768*c - 689. Determine n(-114).
-5
Let q(x) = 614*x - 15778. What is q(26)?
186
Let r(q) = 5*q**2 + 3*q - 41. Give r(8).
303
Let i(p) = 2*p**3 + 8*p**2 - 35*p + 29. Determine i(6).
539
Let y(l) = -14395*l + 690956. Give y(48).
-4
Let y(v) = -94*v + 8886. What is y(94)?
50
Let r(v) = -53*v**3 - 2000*v**2 + 7088*v - 211. Give r(-41).
-6
Let u(n) = n**3 - 136*n**2 - 1547*n + 12676. Determine u(146).
-26
Let h(i) = 386*i**3 + i**2 + 16031*i + 16032. What is h(-1)?
-384
Let f(x) = 54*x - 818. Give f(19).
208
Let b(z) = -876*z + 31. What is b(1)?
-845
Let c(v) = 115*v**3 - 7*v**2 - 126*v - 373. Give c(-3).
-3163
Let k(i) = -i**2 - 86*i + 278183. Give k(-572).
191
Let u(g) = 124*g**2 - 123*g + 507. Determine u(4).
1999
Let b(k) = 2*k**2 + 2432*k + 217077. Give b(-1119).
-9
Let w(a) = -a**3 + 6*a**2 - 6*a + 312. Calculate w(9).
15
Let d(r) = -r**3 + 13*r**2 + 463*r - 1481. Give d(3).
-2
Let j(m) = -330171*m + 20. What is j(0)?
20
Let u(z) = 428*z**2 - 302*z + 305. Calculate u(1).
431
Let h(y) = 922*y + 10119. Determine h(-17).
-5555
Let d(n) = -1235*n**2 + 35817*n - 47. Calculate d(29).
11
Let u(j) = -3090*j - 46418. Determine u(-15).
-68
Let d(v) = 11384*v - 1013174. Determine d(89).
2
Let r(i) = -i**3 + 661*i**2 - 2352*i + 248782. Calculate r(658).
58
Let b(d) = -2*d**2 - 188*d - 3291. What is b(-69)?
159
Let u(z) = -z**2 + 24932*z + 124686. Give u(-5).
1
Let g(j) = -416*j + 78450. Give g(188).
242
Let g(z) = 300186*z - 1500988. Calculate g(5).
-58
Let x(q) = -q**3 - 356*q**2 - 15040*q + 220. Determine x(-307).
-701
Let f(p) = 11553*p + 7428608. What is f(-643)?
29
Let h(a) = 421*a - 33813. What is h(81)?
288
Let y(i) = 11*i**2 + 728*i + 4117. Give y(-6).
145
Let l(g) = g**3 - 35*g**2 - 9*g + 147. Determine l(35).
-168
Let r(k) = k**3 - k**2 + 1686*k - 8537. Calculate r(5).
-7
Let b(j) = -17*j + 735. What is b(-13)?
956
Let r(b) = b**3 - 51*b**2 + 170*b - 1405. Give r(48).
-157
Let p(t) = 14*t**2 - 2520*t - 12785. Determine p(185).
165
Let o(k) = 5*k**2 + 2047000*k + 2046999. What is o(-1)?
4
Let z(m) = m**3 + 35*m**2 - 303*m + 187. Determine z(-44).
-3905
Let k(z) = -z**2 - 176*z + 20455. Determine k(80).
-25
Let k(h) = 249*h**3 - 4232*h**2 - 22*h + 90. What is k(17)?
5
Let o(a) = 56*a**2 - 23900*a - 5356. What is o(427)?
-232
Let h(k) = 3626*k - 82772. Calculate h(23).
626
Let k(o) = 14*o**3 + 161*o**2 + 217*o + 15. What is k(-10)?
-55
Let v(t) = 5*t**3 + 324*t**2 + 1973*t + 69. What is v(-58)?
11
Let u(l) = 6876*l - 27179. Give u(4).
325
Let l(d) = -d**2 - 20655*d - 4313678. Calculate l(-211).
6
Let c(v) = -2*v**2 + 823386*v + 3293556. Give c(-4).
-20
Let n(f) = 88*f**2 - 307*f + 911. Calculate n(3).
782
Let c(i) = i**3 - 190*i**2 + 755*i - 1421. Calculate c(186).
625
Let g(x) = 22098*x - 154708. What is g(7)?
-22
Let k(c) = 1617*c - 814980. What is k(504)?
-12
Let u(f) = f**2 + 28*f - 1627. Give u(28).
-59
Let h(f) = 13571*f - 3677719. Determine h(271).
22
Let m(d) = -157046*d - 471127. What is m(-3)?
11
Let m(h) = h**3 + 894*h**2 - 4510*h - 13479. Calculate m(-899).
6
Let m(v) = -97*v**3 + 485*v**2 - 6*v + 68. Determine m(5).
38
Let r(u) = u**3 - 219*u**2 + 11706*u + 1075. What is r(93)?
-41
Let r(k) = -45944*k + 4089035. Give r(89).
19
Let d(o) = o**3 + 193*o**2 - 770*o + 3681. Calculate d(-197).
135
Let q(h) = 33*h**2 - 14